re the prime factors of v?
2, 3
Suppose -5*k - h + 4*h = 0, 4*k - 5*h = 0. Suppose k*v + 2*v = 20. List the prime factors of v.
2, 5
Suppose -58 = -2*u - 8. List the prime factors of u.
5
List the prime factors of -6*(1 - (-20)/(-8)).
3
Let v(c) = 1 - 5*c + c - 18*c. Suppose -3*k - 2 = 2*k + 3*m, k = 4*m - 5. List the prime factors of v(k).
23
Suppose v + 2*x + 6 = 3*v, 5*v + 5*x - 5 = 0. Suppose -f + v = 4. List the prime factors of 2/12*f*-39.
13
Suppose 0 = -4*p - 8 - 0. Suppose 3*s = 5*m - 12, s = 3*m - 0 - 4. List the prime factors of p/8 - 17/s.
2
Let f = 41 + -36. What are the prime factors of f?
5
Let p = 17 - 27. List the prime factors of 4*4 + (p - -7).
13
Let b(i) = i**3 - 4*i**2 + 4*i - 2. Let w be b(2). Let l be 4/(w/2*1). List the prime factors of (-42)/(-8) + l/16.
5
Suppose 6*m - 30 = 3*m. What are the prime factors of m?
2, 5
Let i = 1079 + -691. What are the prime factors of i?
2, 97
Let z = -11 + 7. Let s(v) = v**3 + 4*v**2 - 2*v - 6. What are the prime factors of s(z)?
2
What are the prime factors of ((-5)/2 - 0)*(-1316)/35?
2, 47
Suppose 0 = -4*i + 90 - 14. What are the prime factors of i?
19
Suppose 1 + 69 = 5*m. List the prime factors of m.
2, 7
Let t = 124 - 38. Suppose -4*c + t = -18. What are the prime factors of c + -3 - (-6)/(-2)?
2, 5
Suppose -u + 97 = -5*y - 7, -2*u = -4*y - 232. List the prime factors of u.
2, 31
Let i(b) = -b**3 + 8*b + 6. What are the prime factors of i(-5)?
7, 13
Let c = 68 + 32. List the prime factors of c.
2, 5
Let c = -7 + -3. Let j = c + 19. List the prime factors of j.
3
Suppose 5*x = 3*r - 205, 5*r = 2*x - 80 + 447. What are the prime factors of r?
3, 5
Let p(a) = -3*a - 4. Let u be p(-4). Let t(s) = s**3 + 4*s**2 - 5*s. Let z be t(-5). Suppose z = 2*o - o - u. What are the prime factors of o?
2
Suppose 2 = -p - 2. List the prime factors of 20*(1 + (-1)/p).
5
Let w = -11 - -32. Suppose 2*p - u - w = -p, 4*u = 12. List the prime factors of p.
2
Suppose 0*t - 2*t + s = -165, -2*s = -3*t + 245. Suppose 2*z + 2*z = 0. Suppose z = -3*l - 2*l + t. List the prime factors of l.
17
Suppose 0*w - 2 = -w. Suppose 5*j - z = 25, 4*j - w*z = -z + 21. What are the prime factors of j?
2
Let a = 21 + -33. Let m = -10 - a. List the prime factors of m.
2
Let z = 150 + 25. What are the prime factors of z?
5, 7
Let t(y) = 8*y**2 + y + 1. Let x be t(-1). Suppose 3*p - x*p = -85. List the prime factors of p.
17
Let x = -26 - -111. What are the prime factors of x?
5, 17
Let v be -3 - (-6 + (1 - 0)). Let o be 170/8 + v/(-8). Suppose -y = -0*y - o. List the prime factors of y.
3, 7
Suppose -3 - 94 = -f. What are the prime factors of f?
97
Let c = 8 - 4. Let t be (-788)/(-20) - c/10. Let h = t - 20. What are the prime factors of h?
19
Let x(h) be the third derivative of 3*h**5/20 + h**3/6 - 3*h**2. What are the prime factors of x(-1)?
2, 5
Suppose -4*a = s, -3*s + 4*a + 60 = a. What are the prime factors of s?
2
Let h(u) = -u**3 - 7*u**2 + 4*u - 2. Let d be h(-7). Let x = d + 42. What are the prime factors of x?
2, 3
Suppose -4*l + 12 = -8, 2*j + 2*l - 764 = 0. What are the prime factors of j?
13, 29
Let d be ((-1)/2)/(1/4). Let k be 0 + (2 - 18) + d. What are the prime factors of 345/27 - 4/k?
13
Let j = -315 + 444. List the prime factors of j.
3, 43
Suppose c - 3*n - 73 = 0, 2*c + 0*c = 4*n + 140. List the prime factors of c.
2
Suppose 4*q - 8 = 4. Suppose -2*u + q*u = 0. Suppose u = -3*m + 7*m - 32. List the prime factors of m.
2
Let o = 22 + -19. Let w(b) = 0*b - b - 4 + 4*b. What are the prime factors of w(o)?
5
Suppose -5*t + 121 = -4. Let k = t - 13. What are the prime factors of k?
2, 3
List the prime factors of (2/3)/(16/312).
13
Suppose 0 = -2*h + s + 1, -6*h + 5*s + 5 = -2*h. List the prime factors of (-2 + h)/(-2)*11.
11
Let i = -88 + 304. What are the prime factors of i?
2, 3
List the prime factors of (-52)/(-3) - 2/6.
17
Let d(q) be the second derivative of -q**5/20 - 5*q**4/12 + q**2/2 + 4*q. Let a be d(-5). Suppose -5*v + 21 = a. What are the prime factors of v?
2
Suppose -19*d + 6*d = -5525. What are the prime factors of d?
5, 17
Suppose -7*w + 20 = -2*w. Let b be -1 + -1 - (-8)/w. Suppose 5*t = -b*t + 85. What are the prime factors of t?
17
Let d(x) = 2*x**2 + 5*x - 7. Suppose 5*k + 4*y - 3*y + 29 = 0, 2*y = -8. List the prime factors of d(k).
2, 3
Let o(n) = -n - 3. Let k(t) = 6*t + 19. Let y(m) = 6*k(m) + 39*o(m). List the prime factors of y(-4).
3
Suppose 0 = 4*o + z - 247, 4*o + 4*z - 345 = -101. List the prime factors of o.
2, 31
List the prime factors of (9/(-6))/((-3)/52).
2, 13
Suppose 0 = -2*c + 3 + 19. Suppose -5 = -x + c. List the prime factors of x.
2
Suppose -6*q + 30 + 378 = 0. List the prime factors of q.
2, 17
List the prime factors of 7/((-77)/(-970)) - (-12)/(-66).
2, 11
Suppose 22*t - 19*t - 366 = 0. List the prime factors of t.
2, 61
Let w be 0 - (-3)/(9/(-84)). What are the prime factors of w/(1*(-2)/2)?
2, 7
Let q be 0/((-1 - 2)/(-3)). Let j = q + 2. Suppose k - 1 = -n, -3*k - 1 - 2 = j*n. List the prime factors of n.
2, 3
Let q be 0*(-1)/2 + -51. Let m = -23 - q. List the prime factors of m.
2, 7
Let n be 3/((-10)/(-8) - 2). Let o = 4 - n. What are the prime factors of 98/o - (-3)/(-12)?
2, 3
Let r(w) = -w**3 + 5*w**2 + 2*w - 1. What are the prime factors of r(4)?
23
List the prime factors of (1*(-2 - 263))/(-1).
5, 53
Suppose 4*i = -5*j + 101, 3*i + 2*i = 2*j - 47. What are the prime factors of j?
3, 7
Suppose 205 = 5*r + 5. Suppose -7*x = 10 + 4. What are the prime factors of (7/(-14))/(x/r)?
2, 5
Let p = 6 - 2. Suppose 0*w = p*w - 72. Suppose 6 = 2*r - w. What are the prime factors of r?
2, 3
Suppose -12 = -3*l + 2*b, 2*b = 1 - 7. Let p be -2 + 4 + (0 - l). Suppose -5*r - 4 = k, p = -k - 3*r + 2 - 0. List the prime factors of k.
11
Suppose 2*a + 1082 = 3*c, -1603 - 194 = -5*c - 3*a. List the prime factors of (12/5)/(54/c).
2
Let c(a) be the second derivative of a**4/12 - 2*a**3/3 + 3*a**2 - 7*a. Let n = 4 - -1. List the prime factors of c(n).
11
Let i = 133 + -64. List the prime factors of i.
3, 23
Let u be 8 + -11 - -3*1. Suppose -5*o + u*o + 125 = 0. What are the prime factors of o?
5
Suppose 0*q = 4*q - 44. Suppose 0 = c + 2*y - q, 0 = 4*c - y - y - 24. What are the prime factors of c?
7
Let w(l) = 2*l**2 - 19*l + 13. List the prime factors of w(13).
2, 13
Suppose 4*b - 197 = -3*p, -2*b + 4*b = -5*p + 333. What are the prime factors of p?
67
Let j be (4/6)/((-2)/(-6)). Suppose 0 = -0*b + 4*b + u + j, -b - u - 2 = 0. Suppose b = -2*v - 3*r + 22, 4*v - 5*r - 44 = -2*r. What are the prime factors of v?
11
Suppose 3*o + 5*a - 30 = o, -3*a + 32 = 4*o. Let b = o - 5. Let w = 4 + b. What are the prime factors of w?
2
Suppose -3*z + 389 - 112 = -v, -2*v - 368 = -4*z. List the prime factors of z.
3, 31
Suppose 0 = 5*y + 2*t + 2, 4*t + 5 = -3*y - t. Suppose 3*i = -4*k - 12, 0*i + 3*i - 4*k - 12 = y. Suppose 32 = -i*h + 2*h. List the prime factors of h.
2
Let i(f) = 171*f**2 - 3*f. What are the prime factors of i(-1)?
2, 3, 29
Suppose 0 = -5*r + 3*r + 5*a - 1, -r + 3*a = -1. List the prime factors of r/(-20) + 196/10.
2, 5
Suppose -s = -2*t + 5, 3*t + 4*s - 2 = -0. What are the prime factors of t?
2
Let v be 3/15 - 14/(-5). Suppose -4*s + v*s = 3*z - 67, 3*z - s - 71 = 0. What are the prime factors of z?
23
Let j = 15 + -5. Let a be (-4)/(-10) - (-46)/j. Suppose -5*w + k + 44 = a*k, -w + 28 = -4*k. List the prime factors of w.
2, 3
Suppose -2*l + 3*p = -2*p - 29, 13 = -l - 3*p. What are the prime factors of l?
2
Let x(i) = i**3 + 3*i**2 + i + 2. Let z be x(-3). Let o be 2/(-6)*(6 - 3). What are the prime factors of -4*(5/o - z)?
2
Let v(l) = -2*l + 1. Let z be v(-6). Suppose -z = -3*f + 11. List the prime factors of f + (-1 + 2 - 1).
2
Suppose 0 = 4*j + 29 + 35. Let d = j - -25. What are the prime factors of d?
3
List the prime factors of 779/5 - (1 - 6/30).
5, 31
Let w be 8/(-28) - 60/(-14). Let i = 1 + w. What are the prime factors of i?
5
Suppose r - 14 = 3*w, 2*r + r - 2*w = 21. Let k(f) = f**2 - 5*f + 4. Let l be k(r). Suppose 0 = l*o - 3*o - 3. What are the prime factors of o?
3
Let n(m) = -4*m - 8. List the prime factors of n(-11).
2, 3
Suppose -3*u - 4*u = -350. List the prime factors of u.
2, 5
Suppose l = 3*l + 32. Let v = 4 - 8. What are the prime factors of (-4)